it of 17214285?
4
What is the hundreds digit of 8042?
0
What is the thousands digit of 1326635?
6
What is the units digit of 18037615?
5
What is the thousands digit of 266093?
6
What is the units digit of 1814841?
1
What is the hundred thousands digit of 5279329?
2
What is the thousands digit of 61397?
1
What is the thousands digit of 107745?
7
What is the tens digit of 289757?
5
What is the units digit of 109680?
0
What is the tens digit of 91450?
5
What is the hundreds digit of 507541?
5
What is the thousands digit of 36037?
6
What is the tens digit of 197528?
2
What is the thousands digit of 9720862?
0
What is the ten thousands digit of 4004239?
0
What is the units digit of 16179343?
3
What is the ten thousands digit of 57436?
5
What is the ten thousands digit of 2724038?
2
What is the thousands digit of 13857?
3
What is the thousands digit of 106709?
6
What is the hundred thousands digit of 119096?
1
What is the hundreds digit of 375511?
5
What is the thousands digit of 782895?
2
What is the units digit of 277612?
2
What is the tens digit of 2606334?
3
What is the hundred thousands digit of 19798066?
7
What is the millions digit of 7448459?
7
What is the units digit of 3782953?
3
What is the millions digit of 1113205?
1
What is the units digit of 11323094?
4
What is the hundreds digit of 807837?
8
What is the tens digit of 15320370?
7
What is the units digit of 3344982?
2
What is the ten thousands digit of 279805?
7
What is the ten thousands digit of 1048500?
4
What is the millions digit of 1843014?
1
What is the hundreds digit of 7089070?
0
What is the hundreds digit of 331194?
1
What is the hundreds digit of 849391?
3
What is the tens digit of 566884?
8
What is the hundreds digit of 5101804?
8
What is the hundreds digit of 543?
5
What is the tens digit of 12064484?
8
What is the hundred thousands digit of 6928469?
9
What is the hundreds digit of 220737?
7
What is the hundreds digit of 525992?
9
What is the units digit of 365035?
5
What is the hundred thousands digit of 2603593?
6
What is the hundreds digit of 525701?
7
What is the millions digit of 22703566?
2
What is the hundreds digit of 2250378?
3
What is the millions digit of 1346898?
1
What is the hundreds digit of 1499257?
2
What is the millions digit of 13522195?
3
What is the hundreds digit of 14189353?
3
What is the millions digit of 1297231?
1
What is the tens digit of 571093?
9
What is the tens digit of 138179?
7
What is the hundred thousands digit of 6355987?
3
What is the hundreds digit of 7971976?
9
What is the hundred thousands digit of 270476?
2
What is the units digit of 1318956?
6
What is the hundreds digit of 1491277?
2
What is the units digit of 745580?
0
What is the units digit of 334037?
7
What is the ten thousands digit of 825167?
2
What is the hundreds digit of 6422644?
6
What is the ten thousands digit of 1652124?
5
What is the units digit of 136679?
9
What is the tens digit of 215377?
7
What is the thousands digit of 10024?
0
What is the thousands digit of 42960?
2
What is the thousands digit of 488953?
8
What is the hundreds digit of 1598400?
4
What is the units digit of 240156?
6
What is the thousands digit of 20475054?
5
What is the hundreds digit of 102923?
9
What is the hundred thousands digit of 290389?
2
What is the tens digit of 1459078?
7
What is the units digit of 62936?
6
What is the thousands digit of 4907350?
7
What is the ten thousands digit of 1192399?
9
What is the ten thousands digit of 46277?
4
What is the units digit of 230742?
2
What is the units digit of 1414832?
2
What is the tens digit of 200561?
6
What is the tens digit of 2543142?
4
What is the hundreds digit of 175411?
4
What is the ten thousands digit of 2390843?
9
What is the units digit of 28312614?
4
What is the units digit of 674329?
9
What is the units digit of 79470?
0
What is the tens digit of 99222?
2
What is the thousands digit of 75755?
5
What is the thousands digit of 13701694?
1
What is the tens digit of 440622?
2
What is the ten thousands digit of 2169989?
6
What is the ten thousands digit of 80710?
8
What is the hundreds digit of 1381586?
5
What is the ten thousands digit of 359854?
5
What is the tens digit of 2728100?
0
What is the thousands digit of 1286867?
6
What is the thousands digit of 3478384?
8
What is the units digit of 7262361?
1
What is the hundred thousands digit of 1401134?
4
What is the hundreds digit of 610846?
8
What is the hundreds digit of 1275340?
3
What is the hundred thousands digit of 5279777?
2
What is the tens digit of 633087?
8
What is the thousands digit of 78667?
8
What is the ten thousands digit of 169767?
6
What is the hundreds digit of 335361?
3
What is the tens digit of 1207708?
0
What is the ten thousands digit of 793657?
9
What is the thousands digit of 4583914?
3
What is the thousands digit of 4492336?
2
What is the tens digit of 72006?
0
What is the hundred thousands digit of 2856072?
8
What is the millions digit of 6028269?
6
What is the hundred thousands digit of 157946?
1
What is the thousands digit of 359084?
9
What is the thousands digit of 26079255?
9
What is the millions digit of 29824476?
9
What is the thousands digit of 601978?
1
What is the tens digit of 20686949?
4
What is the tens digit of 326502?
0
What is the units digit of 7960254?
4
What is the ten thousands digit of 635013?
3
What is the ten millions digit of 14768088?
1
What is the millions digit of 35578272?
5
What is the hundreds digit of 9900655?
6
What is the thousands digit of 20199?
0
What is the hundred thousands digit of 5082999?
0
What is the thousands digit of 118231?
8
What is the thousands digit of 347198?
7
What is the ten thousands digit of 8541335?
4
What is the ten millions digit of 18218120?
1
What is the thousands digit of 528364?
8
What is the tens digit of 1635764?
6
What is the hundred thousands digit of 4672051?
6
What is the units digit of 126761?
1
What is the thousands digit of 20874496?
4
What is the tens digit of 30099287?
8
What is the hundreds digit of 118549?
5
What is the thousands digit of 11557397?
7
What is the thousands digit of 120114?
0
What is the thousands digit of 40873?
0
What is the hundreds digit of 1776572?
5
What is the tens digit of 1822329?
2
What is the ten thousands digit of 42787?
4
What is the ten thousands digit of 6484120?
8
What is the hundred thousands digit of 7306390?
3
What is the millions digit of 25748195?
5
What is the hundreds digit of 6058138?
1
What is the hundreds digit of 325492?
4
What is the thousands digit of 877048?
7
What is the hundreds digit of 23843462?
4
What is the thousands digit of 213806?
3
What is the hundred thousands digit of 8885164?
8
What is the units digit of 601029?
9
What is the units digit of 12418167?
7
What is the thousands digit of 29518270?
8
What is the hundred thousands digit of 9391529?
3
What is the tens digit of 10014?
1
What is the hundred thousands digit of 848657?
8
What is the millions digit of 10037252?
0
What is the hundred thousands digit of 282706?
2
What is the ten millions digit of 13813860?
1
What is the tens digit of 1138121?
2
What is the ten thousands digit of 22654067?
5
What is the hundred thousands digit of 24324259?
3
What is the tens digit of 3179918?
1
What is the ten thousands digit of 9126347?
2
What is the tens digit of 239682?
8
What is the tens digit of 2429963?
6
What is the ten thousands digit of 4574422?
7
What is the units digit of 1510704?
4
What is the millions digit of 2060692?
2
What is the ten thousands digit of 509551?
0
What is the hundred thousands digit of 6291619?
2
What is the units digit of 10296678?
8
What is the ten thousands digit of 17795114?
9
What is the tens digit of 1990513?
1
What is the thousands digit of 4387435?
7
What is the tens digit of 1195584?
8
What is the ten thousands digit of 692303?
9
What is the thousands digit of 18570747?
0
What is the units digit of 931663?
3
What is the units digit of 2487?
7
What is the thousands digit of 201053?
1
What is the tens digit of 757353?
5
What is the ten thousands digit of 27763058?
6
What is the tens digit of 585417?
1
What is the ten thousands digit of 8094944?
9
What is the hundreds digit of 1657595?
5
What is the thousands digit of 2135343?
5
What is the tens digit of